 (7 - 5) - -6).
-9
Calculate (2 + -4 - -2) + 7.
7
What is the value of -8 + 0 + (9 - 1) + -5?
-5
Calculate -4 - ((-5 - -3) + 1).
-3
Evaluate 1 - -4 - (14 - 5).
-4
Evaluate (1 - (0 + 0)) + (67 - 66).
2
Evaluate -3 + (-1 + -4 - (-12 + -2)).
6
Evaluate 8 + 9 + -14 + 8 + -1.
10
Calculate 1 + 9 + -14 + 0.
-4
4 - (-13 + 5 + -5 - -7)
10
What is -6 + 4 - 1 - -3?
0
What is the value of -4 - (0 - 3 - -2)?
-3
Calculate 2 - (0 + (3 + 5 - 3)).
-3
Calculate (-14 - -8) + 4 + -3.
-5
-13 - (3 - (4 - -5))
-7
What is (-2 - -5) + (0 - -1) + -3?
1
-8 - -13 - 3 - 11
-9
What is -7 - (-1 - 3) - -1?
-2
1 + (0 - -1 - -2) + -2
2
What is 5 - (4 + (9 - 5))?
-3
Calculate -4 + 2 + 5 - (0 - 1).
4
What is 3 - (-3 + 2 + -3 + 0)?
7
Calculate 2 + (6 + (-12 - -2) - -1).
-1
Evaluate -7 - -15 - (5 - -8).
-5
Evaluate 0 - (0 + 1 + (-1 - -1)).
-1
What is 8 - ((5 - -13) + -4)?
-6
What is the value of (-1 - 1) + 4 + -4?
-2
6 + -3 + (1 - -3) + -6
1
What is 5 + (-1 - 4) + (-68 - -75)?
7
Calculate -10 + (9 - 1 - 0).
-2
What is the value of (-4 + 6 - 3) + 1 + 2?
2
What is 3 - ((4 - 9) + 2 + 11)?
-5
Calculate 8 - (4 - (4 + -4)).
4
Calculate -4 - (-3 - (2 + -2 + 4)).
3
What is 0 - (-3 + 1 + 1)?
1
Calculate (0 - 1) + -2 + -8 + 6.
-5
Evaluate 1 + -4 - (26 - 28) - 3.
-4
Calculate 4 + (-12 + -1 - -1).
-8
0 + 5 + (2 - 2)
5
What is -2 + 4 + -5 - -5?
2
Evaluate -3 - (-19 - -12 - (-2 - 0)).
2
What is the value of 1 - (-3 + 8 + -3 + -3)?
2
Calculate -2 - (-1 + 4 + -2).
-3
What is the value of 0 + (11 - 1 - (2 + 2))?
6
Calculate -7 - (1 + 4 + -9).
-3
Evaluate (7 - 1 - 11) + 3 + 1.
-1
Calculate -16 - -1 - (-48 + 22).
11
Calculate 8 - (3 - (-15 + 12)).
2
Calculate 1 + -5 - -1 - (-106 - -99).
4
-1 - (-1 + 1 + 3) - 0
-4
Evaluate -1 + (-1 - 1) + (3 - 1).
-1
Calculate 6 - (5 + -3 - 1).
5
What is the value of -1 - ((-3 - (-2 - -2)) + 1)?
1
(-17 - -9) + 5 - (-1 + -4)
2
What is -9 + (-3 - -4) + 1?
-7
-4 + 0 - (-28 + 8 + 11)
5
Calculate 2 - -1 - (-1 + -2 - -2).
4
(1 - (0 + -4)) + -5
0
Evaluate -3 + (7 - (-2 - (-2 + -1))).
3
What is 5 + -1 + 0 - 1?
3
-7 + (-5 - -7 - 1)
-6
Calculate 9 + -1 + (17 - 20).
5
Evaluate -1 - 3 - (-84 + 81).
-1
Evaluate -1 + (1 + 2 - (-6 - -3)).
5
What is -7 + (2 + -3 - 3 - -8)?
-3
What is the value of (3 - 9) + 12 + -8?
-2
Evaluate -5 - (-5 - (-15 + 4)) - -4.
-7
What is the value of 11 + -14 + 2 + 2?
1
Evaluate 4 - (-1 - (4 - 7 - -3)).
5
Evaluate -4 - (-3 + -2 - -11 - 5).
-5
(3 - (-3 - -4)) + 2
4
Evaluate 5 + (-1 - (5 + -4)).
3
Calculate (0 - (5 - (6 + -3))) + 6.
4
What is 6 + (2 - (8 - 2)) + -6?
-4
Calculate 0 - (10 + -3) - -7.
0
Calculate 1 - -6 - 0 - 4.
3
Evaluate 0 - (3 - (-1 - -5) - 3).
4
4 + 1 + -9 + 8 + -2
2
Calculate 1 - (8 + (5 - 9)).
-3
Evaluate -5 + 0 + 3 - 3.
-5
Evaluate (0 - 11) + (6 - -2).
-3
What is the value of -3 + 1 + 3 - 1 - 3?
-3
What is the value of -4 - (2 + -2) - -6 - -2?
4
Calculate 1 + 3 + 5 + -10.
-1
What is 1 - -1 - (5 - 7)?
4
Calculate -8 - (-15 + 11 + -4).
0
What is 4 - ((7 - 4) + 1)?
0
Evaluate (1 - 8) + -183 + 193.
3
(-2 - (-11 - -5)) + (5 - 16)
-7
0 + 5 + -1 + (7 - 7)
4
What is -11 - (-4 - (9 - 3))?
-1
Calculate -1 - 0 - 0 - (-60 + 56).
3
8 + -6 + -7 + 1
-4
Evaluate (2 - -1 - -5) + (-5 - 1).
2
Evaluate 3 - (10 + (-5 - 0) + -6).
4
Calculate 3 - -1 - (-1 - -3).
2
Calculate 0 - (1 + 2 - (-5 - -13)).
5
Evaluate (3 - 9) + (9 - 7).
-4
Calculate 6 - ((-8 - -28) + -8).
-6
Calculate -1 - (0 + 0 + -7).
6
What is -5 - (-8 - (-4 - -8 - 7))?
0
What is the value of -5 + 8 - -3 - 5?
1
What is the value of (-4 - -6) + -3 + 3 + 2?
4
What is the value of 2 + -4 - (-10 + 11)?
-3
Calculate (-1 - 4) + 4 + -6 + 3.
-4
What is the value of 2 - (-3 - 4) - 3?
6
What is the value of 4 + (-15 - (2 - 13))?
0
Evaluate (-7 - (4 - 23)) + -9.
3
What is (-1 - (3 - 3)) + -2 - -4?
1
Calculate 5 - 3 - (3 + 3).
-4
What is the value of (-1 - 4) + -6 + 7 + 0?
-4
Evaluate -47 + 52 - ((-1 - 0) + 2).
4
What is the value of 2 + (-6 - -6 - -1)?
3
Evaluate -8 - -15 - (11 - 3).
-1
Calculate -9 - (-9 + 1) - (-4 - -2).
1
Calculate 0 + 1 + -3 - -4.
2
-9 + -3 + 4 + 7 - 3
-4
What is -4 + (-2 - -2) - -4?
0
Evaluate -5 + 1 + (-14 + 43 - 18).
7
What is the value of -3 + 0 + 6 + -3 - -3?
3
5 + (-4 + 3 - 0)
4
5 + -11 + (1 - -4) - -5
4
What is the value of (2 - 0) + (-2 - 0 - -2)?
2
Evaluate (0 - (3 - 5)) + 1.
3
What is the value of -95 + 92 - (-1 - 1)?
-1
(-4 - (-8 - 2)) + -14
-8
Evaluate 0 + -5 + (-9 - -1) + 13.
0
(-11 - 0) + (23 - 16)
-4
What is the value of -2 + 1 + 0 + -1 + 3?
1
Evaluate 0 - 5 - (-30 + 27).
-2
Calculate 1 - (-4 + (3 - -4)).
-2
What is 5 + -11 + 2 + -2 + 3?
-3
What is the value of -6 + 8 + (-1 + 2 - -2)?
5
What is the value of -3 - (-6 + 5) - (5 + -1)?
-6
What is -4 - (-6 - (-1 - 1))?
0
Calculate 2 + 3 + -4 - (-6 - 3).
10
What is the value of 2 + 5 + (-3 - 2) + 0?
2
What is the value of 0 - 0 - (-42 - -37)?
5
(1 - 0) + -6 + 2 - -4
1
Calculate 1 + -1 + -2 + 3.
1
Evaluate -2 + (7 - -1) - (-6 + 18).
-6
5 - (-2 - -6) - (8 - 1)
-6
Evaluate 4 + -9 + 3 + -1 + -1.
-4
What is the value of (-19 - -39) + 1 + -12?
9
Evaluate 10 + -10 - (0 + 6 + -3).
-3
Evaluate (-13 - -5 - -8) + 1.
1
-2 + (-7 - -2) + (-14 - -17)
-4
Calculate -6 - (-4 + -2) - (0 + 0).
0
What is (1 - (8 - 9)) + -2?
0
Evaluate (-3 - (-3 + 1)) + (-9 - -17).
7
Calculate -5 + 4 + -3 + 4 + -2.
-2
What is the value of -1 + (-1 - 1 - 1) + 9?
5
What is 85 + -77 - (1 - 0)?
7
Calculate -4 - ((-10 - -4) + -1).
3
-1 + (-1 - 3) + (-13 - -15)
-3
What is (-8 - -7) + (11 - 7)?
3
Calculate 3 - (6 + -1 - (-1 - 0)).
-3
What is -1 + 1 - (-1 - -1 - -4)?
-4
-4 + 0 - (3 + -6) - -2
1
Evaluate (-10 - 8) + 16 - (0 + 0).
-2
(4 + -2 - 3) + -4
-5
Evaluate -2 - (-5 - -6) - (-7 + 0).
4
Evaluate (-2 - -5) + (4 - 4 - 0).
3
Evaluate 4 + -1 + -5 + -4 + -1.
-7
What is -7 - (-13 + 12 + -8)?
2
Calculate -294 + 288 - (-1 - (0 + 6)).
1
What is (3 - 5) + (3 - -1)?
2
Evaluate -3 + 5 - 10 - -16.
8
Evaluate -11 + (4 - 4) + 6.
-5
Evaluate -6 - -1 - (148 + -156).
3
What is -3 + (3 - 3 - -3)?
0
5 - (1 - (0 - 7))
-3
What is (0 - -1) + -9 + 6?
-2
What is -1 + 1 - (-1 - -5)?
-4
What is -16 + 10 - (-9 + 1)?
2
What is the value of -1 + (10 - (5 + -1))?
5
Calculate 3 + (-3 + 5 - (-1 + 2)).
4
What is (2 - 4) + 1 + 5?
4
(-6 - -5) + -2 + -2
-5
Evaluate -5 + -2 + -1 + -1 + 4.
-5
Calculate 5 + (-10 + 20 - 7).
8
Calculate (934 - 932) + (5 - (0 - 1)).
8
What is -4 - (-2 - 2) - (2 + -9)?
7
What is the value of -2 - -8 - 4 - -3?
5
What is (2 - 9) + 3 + 11?
7
What is the value of 2 - -3 - (10 + (-3 - 0))?
-2
(8 - 0) + (1 - 0)
9
What is the value of -6 - -7 - 6 - -5?
0
What is the value of (3 - 9) + 3 + 0 + -1?
-4
Evaluate 1 + -3 - (6 + -6 + -6).
4
Calculate (-4 - -10) + -1 + (0 - 2).
3
(-18 - -6) + -1 + 5
-8
What is the value of (-7 - (3 - 6)) + 7 + -6?
-3
What is the value of -1 + (1 - -1) + -5?
-4
What is the value of 4 + -2 + -8 + -1 + 1?
-6
1 + 11 + -7 + -6
-1
(-7 - 0) + 6 - 2
-3
What is the value of 3 + -1 + (28 - 27)?
3
7 + (2 - 1) + -3
5
What is the value of (8 - 13 - -2) + 10 + -8?
-1
Evaluate (5 - 1) + (-39 - -41).
6
Calculate (-3 - (0 - 1) - -1) + -1.
-2
What is (5 - (12 + -6)) + -3 + 0?
-4
What is the value of -4 + 1 + 0 + 77 + -71?
3
6 + 1 - (-13 - -23) - 4
-7
Calculate -2 + -9 + 21 + -15.
-5
Evaluate -11 + (-1 - -8) + (-1 - -6).
1
Evaluate (0 - 3) + 9 + -12 + 13.
7
Calculate -23 + 33 + (-1 - 3).
6
What is the value of (-6 - (-17 - -7)) + -2?
2
Evaluate -4 + 17 + -6 - 2.
5
Evaluate 4 + -1 + -5 + 3 - 5.
-4
What is 3 + (-6 - 1) + -2?
-6
What is 3 + (0 - 8) + 2?
-3
Calculate -9 + 11 - (-2 - 0).
4
Calculate -8 + 5 - (-5 - (-6 + 9)).
5
Evaluate (-6 - -3 - 6) + 11.
2
Evaluate 1 - (1 + 2 + -5 + 1).
2
What is 1 + (10 - 4 - 7)?
0
1 - 6 - -2 - -2
-1
Calculate -1 - 0 - (-3 + -1 + -2).
5
(-2 - -4) + (-4 - (-5 + 7))
-4
What is 5 - (-2 + (-5 - (-4 + -3)))?
5
Evaluate -6 + (18 - 7) + -6.
-1
Evaluate 15 + -14 + -16 - -13.
-2
What is -12 - (-4 + 5 - 5 - 1)?
-7
-3 + 8 + -13 + 12
4
What is the value of (3 - (-7 + (4 - -1))) + -5?
0
Evaluate 3 + -6 + 11 + -5.
3
What is 4 + 4 + -8 + (-4 - -6)?
2
-8 + 9 + -5 + 0
-4
What is the value of -14 + 1 + -1 + 0 + 6?
-8
What is the value of (-7 - (3 - 3)) + 4?
-3
Calculate -131 + 127 - (-3 + (1 - 3)).
1
What is the value of (-1 - 4 - -2) + (0 - -5)?
2
What is -1 - (-1 + 5) - (-10 - -3)?
2
Calculate -8 + (8 - (8 - 3)).
-5
(4 - (-1 - -4 - -5)) + 7
3
What is 8 + -6 + 5